base 2) in base 8?
113222521
-410242 (base 5) to base 4
-3032031
Convert 2522755 (base 8) to base 16.
aa5ed
3c09e (base 16) to base 10
245918
223023021 (base 4) to base 3
22222120200
Convert 21011112200 (base 3) to base 4.
202130211
What is -1aa482 (base 11) in base 3?
-121022210200
Convert -1c86375 (base 13) to base 4.
-210111111312
-3a22c4 (base 14) to base 12
-807658
What is 2112541 (base 6) in base 2?
11001001001101101
507239 (base 14) to base 3
12002121201212
What is -400421012 (base 6) in base 8?
-31604200
Convert -2442577 (base 9) to base 2.
-101000100000010010111
What is -230895 (base 15) in base 3?
-10010222022212
Convert 34213364 (base 7) to base 4.
23113022132
-11010010010001011110011 (base 2) to base 13
-1573276
What is -1c7a07 (base 13) in base 15?
-e6951
Convert 112044110 (base 5) to base 2.
1111010110011110110
Convert -274610 (base 8) to base 3.
-11220120120
-699c6 (base 16) to base 3
-210222101120
What is 247415 (base 10) in base 6?
5145235
Convert -4373557 (base 11) to base 2.
-11101010010001010000000
What is 2453023 (base 6) in base 10?
131559
What is 148876 (base 13) in base 3?
221122010111
Convert 2171 (base 14) to base 5.
141113
What is -4606645 (base 8) in base 14?
-2470b3
175a492 (base 11) to base 16
2d9022
What is 100032221 (base 4) in base 6?
1231425
Convert -5620245 (base 7) to base 14.
-140ccc
2bff6 (base 16) to base 5
21231324
Convert -4245020 (base 8) to base 2.
-100010100101000010000
What is -260c25 (base 14) in base 3?
-2110110222001
What is -1220120 (base 3) in base 4?
-111300
What is -b85739 (base 12) in base 9?
-5428460
Convert 11671355 (base 9) to base 16.
5736c5
What is -72c85 (base 13) in base 4?
-302121322
What is 316a7b0 (base 13) in base 5?
12322441012
Convert -33101322 (base 5) to base 15.
-594c7
200111100021 (base 3) to base 5
43122041
What is 4753642 (base 8) in base 15?
1aa476
Convert -1433355 (base 7) to base 2.
-101111001100010000
Convert -220534055 (base 6) to base 15.
-53424b
10001110022020 (base 3) to base 8
6141700
-12112010111002 (base 3) to base 15
-3ceac2
What is -99726 (base 14) in base 9?
-626062
What is 96066 (base 10) in base 13?
34959
Convert -195a4 (base 16) to base 6.
-2120432
What is 21300332331 (base 4) in base 6?
130511313
ec79 (base 16) to base 13
21729
225122434 (base 6) to base 14
7a5382
-11467a0 (base 11) to base 9
-3677574
-1100000010110011 (base 2) to base 14
-13d99
What is 10330878 (base 9) in base 13?
1054c6a
11100110120 (base 3) to base 6
1500240
-42c83 (base 13) to base 5
-12331043
121200222122111 (base 3) to base 14
1270d96
What is -11305502 (base 6) in base 9?
-584652
What is 448341 (base 9) in base 15?
54887
What is -2788422 (base 9) in base 14?
-2bd50d
-100011011000111001 (base 2) to base 6
-3035025
619941 (base 10) to base 2
10010111010110100101
Convert 220101121002 (base 3) to base 8.
1651564
Convert -41242 (base 8) to base 11.
-118a8
Convert 1503142 (base 6) to base 2.
10101000011100110
-1124202301 (base 5) to base 6
-131021512
What is -33274 (base 13) in base 2?
-10110101000100011
Convert 23217410 (base 8) to base 2.
10011010001111100001000
Convert -70b770 (base 14) to base 3.
-21010212201020
What is -20221102 (base 3) in base 4?
-1033010
What is 92751 (base 11) in base 6?
2522314
Convert 1762852 (base 9) to base 12.
3b693b
24100134 (base 5) to base 2
110110001011011111
What is -11154454 (base 9) in base 6?
-311540121
90181 (base 14) to base 16
547c5
-41793 (base 11) to base 6
-1145404
What is 751428 (base 10) in base 12?
302a30
Convert -365156 (base 12) to base 6.
-30504550
Convert -135112 (base 10) to base 8.
-407710
What is 375767 (base 9) in base 5?
24233342
What is -18194d (base 16) in base 8?
-6014515
-21023111212 (base 4) to base 16
-24b566
Convert -13847a (base 15) to base 6.
-32044241
What is -1201012202121 (base 3) in base 7?
-10505644
4443a42 (base 12) to base 14
1a321c6
-45357a (base 16) to base 12
-162898a
Convert 26a2422 (base 11) to base 9.
8680855
234140412 (base 6) to base 11
2534958
Convert ddaa76 (base 15) to base 7.
155544663
Convert -11010111010001 (base 2) to base 4.
-3113101
What is 86c74 (base 13) in base 9?
411371
What is -101101001100001111100 (base 2) in base 16?
-16987c
-1724e (base 16) to base 13
-341c2
Convert -360541 (base 8) to base 7.
-1022165
What is 1322313333 (base 4) in base 5?
112101140
Convert 76268 (base 13) to base 14.
57b65
What is 28c52b (base 13) in base 2?
11110011101110110000
-24040a7 (base 11) to base 9
-7800350
Convert -757177 (base 8) to base 9.
-425741
What is -100010011000011100001 (base 2) in base 3?
-2010020102212
What is 3111a (base 14) in base 5?
12240322
Convert -31d171 (base 16) to base 13.
-8a40a9
3154261 (base 7) to base 14
9d968
-3780a1 (base 13) to base 3
-2111122111022
What is 100100000100101001 (base 2) in base 12?
71609
-34650 (base 15) to base 12
-80640
What is 6a293 (base 11) in base 4?
120301330
What is c5d974 (base 14) in base 11?
3855465
Convert 10482c9 (base 13) to base 6.
254142540
Convert 8265 (base 11) to base 16.
2ad1
-78603 (base 11) to base 15
-23b0e
-12221200122221 (base 3) to base 11
-1870361
-17912 (base 16) to base 14
-27270
Convert 61386 (base 11) to base 10.
89634
What is -a6f48 (base 16) in base 13?
-1ac359
Convert -2142215 (base 7) to base 4.
-1000011221
777952 (base 10) to base 14
163720
What is -1b93b (base 13) in base 2?
-1101010000011011
Convert 27631164 (base 8) to base 7.
104013012
6154313 (base 8) to base 9
3051622
Convert -2a548 (base 15) to base 12.
-66995
Convert -157411 (base 8) to base 5.
-3311342
Convert 10322230123 (base 4) to base 6.
43343311
What is 45116 (base 9) in base 7?
153264
What is -1201202200111 (base 3) in base 9?
-1652614
What is 10101102121 (base 4) in base 3?
2002212111201
What is 206354 (base 9) in base 5?
12412024
What is -1001012212201 (base 3) in base 13?
-165a5a
What is 10004424 (base 5) in base 15?
184e4
Convert 2536c (base 16) to base 13.
544c3
-463345 (base 10) to base 5
-104311340
Convert -101212212110220 (base 3) to base 10.
-5784234
-4853061 (base 10) to base 7
-56151603
What is -248c4 (base 13) in base 5?
-4124142
Convert -123043431 (base 6) to base 15.
-321c01
What is -42003201 (base 7) in base 10?
-3530598
120102310 (base 4) to base 16
184b4
-c48d (base 16) to base 14
-144a1
What is 9bdd (base 15) in base 9?
50311
What is 70b4 (base 14) in base 8?
45646
What is 80243 (base 12) in base 10?
166227
-361388a (base 12) to base 2
-100111111110001000101010
Convert 524322 (base 7) to base 12.
44370
-1163212 (base 7) to base 6
-3114234
-2064073 (base 8) to base 2
-10000110100000111011
Convert 144301342 (base 5) to base 4.
2331100312
What is -11100011100111101 (base 2) in base 3?
-12220212100
What is -211121121100 (base 3) in base 9?
-747540
What is -10505420 (base 6) in base 4?
-1032020310
Convert -637707 (base 8) to base 6.
-4321451
What is 187c1 (base 14) in base 15?
13524
9080228 (base 10) to base 13
1b5c021
What is 10313331223 (base 4) in base 5?
311342203
What is -347271 (base 8) in base 9?
-200438
22872 (base 15) to base 5
12004112
Convert -11001101101100001 (base 2) to base 15.
-2130d
What is -4524600 (base 7) in base 11?
-353620
-255d24 (base 14) to base 10
-1284028
Convert -19caf9 (base 16) to base 2.
-110011100101011111001
11303220333 (base 4) to base 16
173a3f
-241210 (base 10) to base 4
-322320322
111000010101010010 (base 2) to base 7
1650464
1000111100200 (base 3) to base 14
101319
-2b64 (base 15) to base 9
-13704
What is 31030122 (base 4) in base 7?
313362
What is -202322422 (base 7) in base 11?
-6744343
Convert -11896735 (base 10) to base 9.
-24342224
Convert 200003200010 (base 4) to base 13.
1982978
47b98 (base 14) to base 10
175162
214010 (base 6) to base 2
100010100110110
-1014305023 (base 6) to base 12
-3658173
Convert 88343 (base 10) to base 8.
254427
Convert 120100111111 (base 3) to base 10.
302170
What is 733a41 (base 15) in base 7?
64402330
-37895 (base 16) to base 14
-5cc85
30824 (base 11) to base 10
44917
c497 (base 14) to base 9
51375
-1b242d7 (base 14) to base 10
-13533989
-102304031 (base 5) to base 11
-275435
What is 11100110111001011011011 (base 2) in base 9?
15211584
Convert 101001010101010101011110 (base 2) to base 14.
1620a18
What is -22112121021 (base 3) in base 11?
-105337
What is -4200374 (base 9) in base 4?